 base 10?
1
-201 (base 4) to base 9
-36
What is -a (base 13) in base 8?
-12
What is 8 (base 14) in base 13?
8
What is -22 (base 13) in base 12?
-24
What is -15 (base 7) in base 5?
-22
What is 10011 (base 2) in base 15?
14
What is -10 (base 5) in base 7?
-5
Convert -4 (base 13) to base 8.
-4
Convert -101 (base 3) to base 9.
-11
What is -11 (base 3) in base 4?
-10
Convert 121 (base 4) to base 16.
19
What is 34 (base 5) in base 3?
201
Convert 3 (base 14) to base 3.
10
Convert 0 (base 14) to base 4.
0
134 (base 5) to base 14
32
Convert 6 (base 16) to base 15.
6
Convert -12 (base 11) to base 2.
-1101
-10011 (base 3) to base 5
-320
Convert f5 (base 16) to base 8.
365
-2 (base 10) to base 5
-2
Convert -2 (base 14) to base 2.
-10
Convert -22 (base 3) to base 16.
-8
9 (base 11) to base 15
9
Convert -60 (base 7) to base 2.
-101010
What is 50 (base 13) in base 11?
5a
Convert -5 (base 10) to base 9.
-5
-8a (base 11) to base 9
-118
What is 1022 (base 5) in base 9?
162
Convert -8 (base 14) to base 3.
-22
Convert -121 (base 6) to base 7.
-100
-9 (base 10) to base 14
-9
32 (base 5) to base 10
17
1 (base 6) to base 4
1
-3 (base 5) to base 12
-3
What is 45 (base 10) in base 5?
140
Convert -1 (base 12) to base 13.
-1
Convert -2012 (base 4) to base 10.
-134
1101 (base 2) to base 9
14
What is 1 (base 14) in base 11?
1
Convert 46 (base 9) to base 11.
39
18 (base 9) to base 11
16
12 (base 3) to base 11
5
What is 3 (base 7) in base 8?
3
162 (base 10) to base 8
242
Convert 9 (base 10) to base 14.
9
Convert -17 (base 16) to base 6.
-35
-3 (base 15) to base 11
-3
What is 3 (base 15) in base 14?
3
337 (base 8) to base 4
3133
Convert -1200 (base 5) to base 13.
-106
What is -5 (base 13) in base 5?
-10
Convert -18 (base 11) to base 9.
-21
Convert -133 (base 9) to base 12.
-93
What is b (base 12) in base 14?
b
What is 13 (base 7) in base 14?
a
What is 210 (base 10) in base 5?
1320
-11 (base 8) to base 9
-10
Convert 11001100 (base 2) to base 9.
246
Convert 25 (base 14) to base 10.
33
-12 (base 5) to base 14
-7
Convert 0 (base 14) to base 8.
0
-2 (base 5) to base 12
-2
11 (base 3) to base 4
10
Convert -4 (base 13) to base 2.
-100
Convert 3 (base 14) to base 4.
3
What is 0 (base 3) in base 2?
0
Convert -33 (base 4) to base 15.
-10
What is -301 (base 5) in base 4?
-1030
0 (base 2) to base 5
0
What is 55 (base 13) in base 5?
240
Convert 9 (base 13) to base 8.
11
Convert -c (base 16) to base 3.
-110
30 (base 5) to base 16
f
-11 (base 3) to base 4
-10
What is 123 (base 4) in base 13?
21
2 (base 16) to base 5
2
Convert 303 (base 9) to base 11.
204
Convert 153 (base 8) to base 2.
1101011
What is 111 (base 2) in base 15?
7
-2 (base 9) to base 2
-10
What is 3 (base 11) in base 15?
3
Convert 3 (base 7) to base 12.
3
Convert -10 (base 13) to base 8.
-15
-3 (base 7) to base 12
-3
What is 22 (base 3) in base 15?
8
What is 0 (base 8) in base 12?
0
What is 67 (base 8) in base 11?
50
Convert -24 (base 11) to base 15.
-1b
What is 4 (base 10) in base 6?
4
30 (base 16) to base 10
48
Convert 19 (base 14) to base 13.
1a
-23 (base 9) to base 2
-10101
What is 4 (base 13) in base 7?
4
Convert 1 (base 5) to base 10.
1
Convert -2 (base 5) to base 10.
-2
What is 107 (base 12) in base 9?
177
What is -4b (base 13) in base 12?
-53
What is 1 (base 11) in base 4?
1
What is -113 (base 4) in base 14?
-19
Convert -13 (base 6) to base 10.
-9
202 (base 6) to base 15
4e
What is -11 (base 6) in base 14?
-7
-5 (base 7) to base 8
-5
Convert 24 (base 6) to base 16.
10
11 (base 3) to base 12
4
37 (base 10) to base 12
31
What is 0 (base 7) in base 14?
0
240 (base 7) to base 13
99
Convert 3 (base 16) to base 3.
10
-2220 (base 4) to base 6
-440
What is -100000 (base 2) in base 5?
-112
22010 (base 3) to base 5
1334
What is -1c (base 13) in base 8?
-31
Convert 2 (base 7) to base 12.
2
What is -40 (base 5) in base 10?
-20
What is -21 (base 9) in base 15?
-14
What is -45 (base 11) in base 9?
-54
150 (base 7) to base 2
1010100
1 (base 9) to base 6
1
What is 223 (base 5) in base 9?
70
-11 (base 4) to base 2
-101
Convert 1b (base 14) to base 15.
1a
What is 217 (base 10) in base 8?
331
Convert 11011 (base 2) to base 3.
1000
223 (base 4) to base 2
101011
Convert 100 (base 2) to base 6.
4
What is -13 (base 6) in base 16?
-9
1 (base 6) to base 16
1
20 (base 7) to base 16
e
Convert 116 (base 8) to base 6.
210
Convert 3 (base 12) to base 9.
3
Convert 10 (base 4) to base 11.
4
Convert 1000011 (base 2) to base 3.
2111
144 (base 6) to base 8
100
What is -14 (base 7) in base 15?
-b
Convert 510 (base 6) to base 5.
1221
-45 (base 6) to base 9
-32
What is -12 (base 6) in base 15?
-8
Convert 1 (base 9) to base 2.
1
-2 (base 12) to base 16
-2
Convert 5 (base 15) to base 16.
5
What is 3 (base 16) in base 13?
3
235 (base 9) to base 8
302
What is -13 (base 11) in base 7?
-20
Convert -3 (base 7) to base 9.
-3
What is 10 (base 6) in base 16?
6
Convert 100 (base 2) to base 13.
4
2 (base 16) to base 13
2
Convert -220 (base 3) to base 12.
-20
-2 (base 15) to base 13
-2
-14 (base 6) to base 3
-101
0 (base 10) to base 4
0
Convert 29 (base 11) to base 10.
31
Convert 115 (base 9) to base 10.
95
-25 (base 10) to base 9
-27
-21 (base 3) to base 11
-7
-12 (base 4) to base 11
-6
What is 110 (base 4) in base 8?
24
What is -7 (base 15) in base 9?
-7
-2 (base 8) to base 9
-2
220 (base 4) to base 15
2a
Convert -4 (base 6) to base 15.
-4
What is 10 (base 7) in base 14?
7
-e (base 15) to base 3
-112
Convert -2 (base 11) to base 15.
-2
12 (base 5) to base 12
7
103 (base 5) to base 11
26
Convert -12a (base 13) to base 3.
-21121
What is 13 (base 6) in base 7?
12
4 (base 10) to base 16
4
Convert 0 (base 6) to base 10.
0
Convert -49 (base 12) to base 2.
-111001
-5 (base 15) to base 7
-5
31 (base 9) to base 12
24
-4 (base 5) to base 9
-4
What is -1 (base 16) in base 4?
-1
Convert -11 (base 10) to base 16.
-b
2 (base 11) to base 4
2
What is 2 (base 7) in base 16?
2
101100 (base 2) to base 14
32
Convert -3 (base 11) to base 12.
-3
Convert 2 (base 9) to base 16.
2
-20 (base 3) to base 2
-110
Convert 112 (base 5) to base 16.
20
Convert -3 (base 5) to base 3.
-10
60 (base 16) to base 6
240
101 (base 6) to base 11
34
What is -2 (base 9) in base 5?
-2
Convert -21020 (base 3) to base 2.
-11000011
What is 3 (base 9) in base 10?
3
What is 10013 (base 4) in base 14?
14b
Convert 613 (base 7) to base 8.
460
What is -3 (base 12) in base 5?
-3
What is -5 (base 12) in base 16?
-5
What is 0 (base 3) in base 10?
0
What is -1 (base 3) in base 12?
-1
Convert -104 (base 11) to base 16.
-7d
-42 (base 16) to base 10
-66
-312 (base 9) to base 4
-3332
Convert -126 (base 7) to base 8.
-105
What is 3 (base 11) in base 4?
3
What is 108 (base 10) in base 4?
1230
What is -243 (base 5) in base 10?
-73
22 (base 5) to base 9
13
Convert 1 (base 14) to base 3.
1
Convert 1 (base 4) to base 12.
1
-1120 (base 3) to base 5
-132
Convert -1 (base 6) to base 15.
-1
1b (base 15) to base 2
11010
What is 4 (base 14) in base 12?
4
Convert -43 (base 13) to base 11.
-50
Convert 100 (base 6) to base 4.
210
Convert -111 (base 6) to base 15.
-2d
Convert 8 (base 13) to base 2.
1000
2 (base 4) to base 9
2
5 (base 9) to base 7
5
86 (base 15) to base 14
90
What is 25 (base 6) in base 11?
16
What is -4 (base 11) in base 3?
-11
What is 4 (base 11) in base 7?
4
What is 45 (base 14) in base 6?
141
What is -1210 (base 3) in base 10?
-48
e2 (base 15) to base 8
324
What is 4 (base 12) in base 2?
100
-9 (base 14) to base 9
-10
96 (base 10) to base 7
165
What is -1 (base 10) in base 11?
-1
104 (base 9) to base 6
221
What is 2a (base 13) in base 10?
36
Convert 38 (base 14) to base 5.
200
What is -1000 (base 2) in base 3?
-22
Convert 111000 (base 2) to base 11.
51
What is -3 (base 6) in base 13?
-3
-131 (base 7) to base 8
-107
What is -15 (base 8) in base 12?
-11
Convert 10010 (base 2) to base 14.
14
What is 10110011 (base 2) in base 5?
1204
What is -6 (base 10) in base 13?
-6
-7d (base 15) to base 9
-141
-111 (base 4) to base 12
-19
30 (base 4) to base 2
1100
What is 6 (base 16) in base 10?
6
What is 3 (base 11) in base 4?
3
What is -302 (base 4) in base 15?
-35
Convert -421 (base 6) to base 7.
-313
What is -33 (base 11) in base 14?
-28
What is -b5 (base 16) in base 13?
-10c
What is 0 (base 11) in base 14?
0
11111 (base 2) to bas